0)/(-70) - -5)/((-2)/(-14))?
6
Suppose 1209*c - 1207*c - 6678 = 0. What is the units digit of c?
9
Let n = 379 - 366. Let r(m) be the second derivative of -m**5/20 + 7*m**4/6 - 4*m**3/3 + 19*m**2/2 + 2*m. What is the units digit of r(n)?
4
Let l(q) be the second derivative of q**4/6 - 4*q**3 - 98*q**2 - q - 164. What is the units digit of l(-18)?
4
What is the units digit of 24/18 - (-16)/6 - -854?
8
What is the thousands digit of ((-6)/(-90)*-47665)/((2/6)/(-1))?
9
Let k be 37 + 6*1/(-2). Suppose -3*j = -4*x - 37, -2*j = x + x - k. Suppose 2*f - j = u, 2*f = 4*u + 1 + 29. What is the units digit of f?
5
Suppose 23*h - 205994 = 172421 + 552303. What is the units digit of h?
6
Let z(b) = -217*b + 732. What is the thousands digit of z(-17)?
4
Let q = -2 - -24. Let p = q - 19. Suppose p*b - 5*c - 229 = -20, -3 = 3*c. What is the units digit of b?
8
Suppose 15 = 4*g - 5, 223 = -3*n + 2*g. Let o be n/(-9) + 4/36. Let a = o - -53. What is the units digit of a?
1
Suppose 4*g = 3*n - 14062 + 68902, 0 = 3*n. What is the tens digit of g?
1
Let s be 17018*(-15)/(-36) + (-2)/(-12). Suppose 30*o = 6199 + s. What is the tens digit of o?
4
Let n = 66 - 64. Let c(o) = 17*o**3 + o - 5. Let g be c(n). Suppose g + 29 = k. What is the units digit of k?
2
Let h be (37/(-2))/(6/204). Let f = 914 + h. Suppose 0 = 4*q - f + 85. What is the tens digit of q?
5
What is the ten thousands digit of -2 - (-1 + 0) - (-31635 - -7)?
3
Suppose 3*b = -3*k - 3, 3*k = 4*b + 5*k. What is the hundreds digit of (-77 + 4)*(b + -3)?
1
Suppose 3*t - t = 2*p + 12, 0 = -2*t - p + 3. Suppose 5*f = 18 - t. What is the units digit of 198/4 + f/2?
1
Let w be 16/(-184) - 59336/46. Let b = w - -1871. What is the units digit of b?
1
Let y be -1 + 336/(-18) - (-3)/(-9). Let c(u) = u**2 + 47. What is the hundreds digit of c(y)?
4
Let f be ((-2)/((-4)/(-2)))/((-2)/(-10)). What is the units digit of 2774/18 - f/(-45)?
4
Let o(h) be the first derivative of h**5/12 + 2*h**4/3 - h**3/2 + 23*h**2/2 - 17. Let f(a) be the second derivative of o(a). What is the units digit of f(-7)?
0
Suppose 4*w - 4*r - 27884 = 0, 13*w = 8*w - 2*r + 34848. What is the tens digit of w?
7
Let o(q) = 7*q**2 + 15*q - 10. Let a(w) = w + 1. Let b(p) = -4*a(p) + o(p). What is the hundreds digit of b(-6)?
1
What is the ten thousands digit of ((-6)/3)/(2633859/(-376263) - -7)?
4
What is the thousands digit of (89 - 93) + 3/(6/12622)?
6
Let r(z) = 17*z + 74 + 27 - 32*z + 13. What is the tens digit of r(-22)?
4
Let a be (-4)/(-14) - 21960/(-168). Let i(s) = -13*s - 1. Let y be i(-12). Suppose -5*r + 4*x + 466 = 0, 4*x - a = -3*r + y. What is the tens digit of r?
9
Let i be (-18)/(-12)*(134/3)/(-1). Let g = 69 + i. Suppose 0 = 3*x - 4*v - 351, -4*x - g*v = -5*v - 475. What is the tens digit of x?
2
Suppose i - 6518 = -2*u, -17*i = -16*i + 3*u - 6521. What is the hundreds digit of i?
5
Let b be (-10)/(-8) - (-7)/(-28). What is the hundreds digit of -19*10*-1 + b + 2?
1
Suppose 0*w = -4*w + 2044. Let m = w + -196. What is the tens digit of m?
1
Let p(s) = 515*s - 7227. What is the thousands digit of p(53)?
0
Let y be 6/(-24)*-13 - (-2)/(-8). Let f(q) = 61*q**2 + 29*q - 77. Let h(j) = -20*j**2 - 10*j + 26. Let u(c) = 4*f(c) + 11*h(c). What is the units digit of u(y)?
2
Suppose -4*j - 32 = -44. What is the units digit of (-2064)/(-18) - ((-12)/9 + j)?
3
Suppose -95*g + 1326870 = -64*g + 107*g. What is the units digit of g?
5
Let n(i) = -5375*i**3 + i**2 - 54*i - 54. What is the thousands digit of n(-1)?
5
Let p(w) = 44*w**2 - 8*w + 5. Let t be p(-4). Suppose -5*d + 1394 = -t. What is the hundreds digit of d?
4
Let i = 443 - 443. What is the hundreds digit of (-5)/(-2)*-2 + i + 690?
6
Let x = 65 - 59. Suppose -x*v + 66 = -3*v. Suppose -32 = -k + v. What is the tens digit of k?
5
Suppose 253*s - 1099180 = 233*s. What is the units digit of s?
9
Let h(z) = 303*z**2 - 13*z - 120. What is the tens digit of h(-4)?
8
Let j = 574 - 911. Let m = j + 639. What is the tens digit of m?
0
Suppose -68*x + 649183 = 71*x - 1049675. What is the tens digit of x?
2
Let g(q) = 4747*q**2 + 130*q - 268. What is the hundreds digit of g(2)?
9
Let w(m) = -1182*m + 286. What is the thousands digit of w(-7)?
8
Let c = 378 - 353. Let f be 1*-14*(0 - -1). Let p = c + f. What is the units digit of p?
1
Let k be 9*(526/48 - (-45)/120). Suppose k*p + 1380 = 114*p. What is the units digit of p?
5
Suppose 6*b = 1328 - 260. Let g be 55/22*8/5. Suppose -5*d - 5*k = -3*d - b, -g*d + 356 = -k. What is the tens digit of d?
8
Suppose -5*q = 5*t - 65, -109*q + 107*q + 11 = t. What is the units digit of t?
5
Suppose m = 4*n - 2157, 15*n - 10*n - 2691 = -4*m. Let h = 1091 - n. What is the hundreds digit of h?
5
Suppose -2*z + 2*v + 78 = 0, -5*z + 2*z + v + 107 = 0. Let y = 94 - z. What is the units digit of y?
0
Let u(h) = -h**3 + 2*h**2 + 8*h + 2. Suppose -3*v + 2*t + 192 = 0, -2*v + 113 = -3*t - 15. Let c = v - 69. What is the units digit of u(c)?
7
Let n(w) = -45*w**2 - 28*w + 99. Let g(d) = -9*d**2 - 6*d + 21. Let u(m) = -11*g(m) + 2*n(m). Let p be (-3)/((9/4)/(-3)). What is the hundreds digit of u(p)?
1
Let l(q) = -q**3 - q**2 + q - 1. Let p(r) = 3*r**3 - r**2 + 6*r + 7. Let i(s) = -l(s) + p(s). What is the units digit of i(5)?
3
Let o(t) = t**3 + 5*t**2 - 5*t + 7. Let x be o(-6). Let v(a) be the first derivative of 15*a**2 + 2*a + 429. What is the tens digit of v(x)?
3
Suppose -2*m - 153 = 61. Let n = -44 - m. Suppose -3*b + n = 3*y, 2*y = -y - 6. What is the tens digit of b?
2
Let x(u) = 59*u**2 - 4*u + 88. Let p be x(-9). Suppose -2*b = 5*v - p, -v - 2*b + 983 = -4*b. What is the hundreds digit of v?
9
Suppose 8*k - 2681 - 223 = 0. Let d = k + 14. What is the units digit of d?
7
Let j(k) = -k + 24. Let o be j(6). Suppose -606 = -o*l + 15*l. What is the hundreds digit of l?
2
Suppose g - 3 = 0, -3*v + 5*g - 3*g + 1059 = 0. Let c be (-674)/(-3) - 10/15. Let l = v - c. What is the tens digit of l?
3
Let v = -654 - -658. Suppose 3*q = 2*h - 2151, 3*q + 0*q + 4299 = v*h. What is the units digit of h?
4
Suppose 76*s - 149*s + 688244 = 0. What is the hundreds digit of s?
4
Let d(x) = 63*x**3 - 4*x**2 + 30*x - 5. Let o be d(5). Suppose 24*r = 40*r - o. What is the units digit of r?
5
Let m(u) = -82*u - 160. Let q be m(23). Let j = -1308 - q. What is the tens digit of j?
3
Let n(h) = -h**3 + 21*h**2 + 30*h + 203. What is the hundreds digit of n(18)?
7
Let v be (-1474 - -2 - -2)/(1/(-2)). Suppose -11143 = -13*x - v. What is the hundreds digit of x?
6
Let v be (14 - 12)*((-1992)/(-4) - 0). Suppose m = o - v, 4*o - 5*m + 1014 = 5*o. What is the tens digit of o?
9
Suppose -5*w + 6379 = o, 4*w + 5*o + 478 = 5598. Suppose -4*s = -3*r - w, r + 201 = 4*s - 224. Let p = r - -612. What is the units digit of p?
7
Let v(r) = 942*r + 324. What is the thousands digit of v(7)?
6
Let w(h) = -2*h**2 - 9*h - 3. Let o be (3*2)/(-5 - -2 - -2). Let r be w(o). Let y(d) = -d**3 - 22*d**2 - 30*d - 39. What is the hundreds digit of y(r)?
1
Let f(k) = 2256*k + 5540. What is the hundreds digit of f(14)?
1
Let a be -1*5/(10/(-838)). Suppose z - 4*z + 2*o = -1260, -z + a = -o. What is the hundreds digit of z?
4
Let i(p) = -2599*p + 2760. What is the units digit of i(-15)?
5
Let g = -35 + 60. Suppose -2*i + 4*d + g = -d, 0 = -i - 5*d - 10. Suppose 0 = -5*v + i*y + 560, -2*v + 91 = 4*y - 139. What is the hundreds digit of v?
1
Let a be 1155/24 - (-7)/(-56). Suppose 0 = o + 5*b - 1, -5*o + 2*b - a = 82. Let c = o + 107. What is the tens digit of c?
8
Let o(a) = 23*a. Let x be o(5). Suppose -n + x = -310. Suppose -i + n = 4*i. What is the tens digit of i?
8
Suppose 0 = -228*k + 195495 + 1732017. What is the hundreds digit of k?
4
Let x(y) = y**2 - 3*y - 13. Let w be x(-3). Suppose -523 = -w*p + 1382. What is the units digit of p?
1
Let j(p) = 12 + 15*p**2 - p**2 + 19*p + 14*p - 70*p. What is the hundreds digit of j(7)?
4
Suppose 52*l - 3215700 = -48*l. What is the units digit of l?
7
What is the tens digit of 2 + 25263 + -274 + 273?
6
Suppose 2*q + 126 = -2*o + 326, 0 = -2*o + 5*q + 207. Let n = 156 - o. What is the units digit of n?
5
What is the hundreds digit of ((-27)/(-108))/(((-2)/2038)/(168/(-21)))?
0
Suppose 0 = 50*i + 647282 - 1831182. What is the units digit of i?
8
Suppose 643 = 5*p + k + 126, 0 = 